{"id":2,"date":"2019-10-14T17:45:28","date_gmt":"2019-10-14T17:45:28","guid":{"rendered":"http:\/\/marekjasinski.org.pl\/?page_id=2"},"modified":"2021-09-01T04:23:32","modified_gmt":"2021-09-01T02:23:32","slug":"sample-page","status":"publish","type":"page","link":"https:\/\/marekjasinski.org.pl\/?page_id=2","title":{"rendered":"Marek Jasi\u0144ski &#8211; Biografia Kompozytora"},"content":{"rendered":"\n<p>MAREK JASI\u0143SKI urodzi\u0142 si\u0119 10 wrze\u015bnia 1949 roku w Stargardzie Szczeci\u0144skim, zmar\u0142 nagle\u00a0 15 lutego 2010 roku w <\/p>\n\n\n\n<div class=\"wp-block-image\"><figure class=\"alignright is-resized\"><img loading=\"lazy\" src=\"http:\/\/www.marekjasinski.org.pl\/obrazy\/news\/Marek-Jasinski-biografia-kompozytora_it8_r_800x600.jpg\" alt=\"\" width=\"217\" height=\"325\"\/><\/figure><\/div>\n\n\n\n<p>Cluj-Napoca w Rumunii podczas zaj\u0119\u0107 prowadzonych w ramach Europejskiego Programu FABREC, reprezentuj\u0105c Akademi\u0119 Muzyczn\u0105 im. Feliksa\u00a0 Nowowiejskiego w Bydgoszczy.<\/p>\n\n\n\n<p>Kompozytor, pedagog, profesor Akademii Muzycznej w&nbsp;Poznaniu i Akademii Muzycznej w Bydgoszczy.<\/p>\n\n\n\n<p>Nauk\u0119 gry na fortepianie rozpocz\u0105\u0142 w wieku sze\u015bciu lat. Dalsz\u0105 edukacj\u0119 muzyczn\u0105 kontynuowa\u0142 w Spo\u0142ecznym Ognisku Muzycznym w&nbsp;Stargardzie&nbsp;Szczeci\u0144skim.<br>Do&nbsp;Szczecina&nbsp;wyjecha\u0142,&nbsp;aby&nbsp;uczy\u0107&nbsp;si\u0119&nbsp;w Szkole&nbsp;Muzycznej&nbsp;II&nbsp;stopnia w&nbsp;klasie&nbsp;fortepianu&nbsp;Pani&nbsp;Haliny&nbsp;Durnasiowej.<\/p>\n\n\n\n<p><br>W 1974 roku uko\u0144czy\u0142 z wyr\u00f3\u017cnieniem studia na Wydziale Wychowania Muzycznego w Pa\u0144stwowej Wy\u017cszej Szkole Muzycznej&nbsp; im. I.J.Paderewskiego w Poznaniu. W&nbsp; tym samym roku podj\u0105\u0142 dalsze studia na Wydziale Teorii, Kompozycji i Dyrygentury macierzystej uczelni, w&nbsp;klasie kompozycji prof. Andrzeja Koszewskiego, kt\u00f3re uko\u0144czy\u0142 w 1979 roku.<br>Wiedz\u0119 swoj\u0105 uzupe\u0142nia\u0142 podczas organizowanego przez Mi\u0119dzynarodow\u0105 Rad\u0119 Muzyczn\u0105 UNESCO Mi\u0119dzynarodowego Kursu Kompozytorskiego w miejscowo\u015bci Borovec w Bu\u0142garii w latach1983 i 1987, oraz dwu &#8211; semestralnego Podyplomowego Studium&nbsp;Doskonalenia&nbsp;Pedagogicznego&nbsp;w&nbsp;roku 1987.<\/p>\n\n\n\n<p><br>Po uko\u0144czeniu studi\u00f3w w roku 1979 rozpocz\u0105\u0142 prac\u0119 w szczeci\u0144skiej filii Akademii Muzycznej w Poznaniu, w punkcie konsultacyjnym gda\u0144skiej Akademii Muzycznej w&nbsp;Koszalinie i wsp\u00f3\u0142prac\u0119 z Zespo\u0142em Szk\u00f3\u0142 Muzycznych im. Feliksa Nowowiejskiego w&nbsp;Szczecinie, prowadz\u0105c o\u017cywion\u0105 dzia\u0142alno\u015b\u0107 pedagogiczn\u0105, organizacyjn\u0105, a&nbsp;przede wszystkim kompozytorsk\u0105.<br>Marek Jasi\u0144ski zwi\u0105zany by\u0142 zawodowo z dwoma miastami: ze Szczecinem i&nbsp;Bydgoszcz\u0105, a swoj\u0105 fachow\u0105 wiedz\u0119 i do\u015bwiadczenie przekazywa\u0142 studentom dw\u00f3ch Akademii Muzycznych w kt\u00f3rych by\u0142 zatrudniony:<\/p>\n\n\n\n<ul><li>Akademii Muzycznej w Poznaniu Filia w Szczecinie<\/li><li>Akademii Muzycznej w Bydgoszczy<\/li><li>Prowadzi\u0142 zaj\u0119cia z kompozycji, propedeutyki kompozycji, kontrapunktu, instrumentacji, harmonii oraz seminaria prac magisterskich.<\/li><\/ul>\n\n\n\n<p>W latach 1990-96 pe\u0142ni\u0142 funkcj\u0119 prodziekana&nbsp; na Wydziale Pedagogiki Instrumentalnej w szczeci\u0144skiej filii Akademii Muzycznej w Poznaniu, w roku 1994 okresowo funkcj\u0119 Kierownika Filii w Szczecinie, a w latach 1999 &#8211;&nbsp;2005 by\u0142 dziekanem Wydzia\u0142u Kompozycji i&nbsp;Teorii Muzyki Akademii Muzycznej w Bydgoszczy.<\/p>\n\n\n\n<p><br>W&nbsp;roku 2000 uzyska\u0142 tytu\u0142 profesora sztuk muzycznych.<\/p>\n\n\n\n<p><br>By\u0142 m.in. cz\u0142onkiem jury festiwali i konkurs\u00f3w w kraju i za granic\u0105, wsp\u00f3\u0142organizatorem cyklu koncert\u00f3w w Meklemburgu, prezesem Pomorskiego Stowarzyszenia Instrumentalist\u00f3w&nbsp;Akademia.<\/p>\n\n\n\n<p><br>Kompozycje Marka Jasi\u0144skiego prezentowane by\u0142y na wielu Mi\u0119dzynarodowych Festiwalach Muzyki Wsp\u00f3\u0142czesnej m.in. podczas;&nbsp; WARSZAWSKIEJ JESIENI, POZNA\u0143SKIEJ WIOSNY MUZYCZNEJ, , FESTIWALU&nbsp; MUZYKI WSP\u00d3\u0141CZESNEJ we Wroc\u0142awiu,&nbsp; M\u0141ODEJ MUZYKI POLSKIEJ w Szczecinie, FESTIWALU PIE\u015aNI CH\u00d3RALNEJ w Mi\u0119dzyzdrojach, FESTIWALU im. WITOLDA LUTOS\u0141AWSKIEGO w Szczecinie, GAUDE MATER w Cz\u0119stochowie, FESTIWALU MUZYKI ORGANOWEJ i KAMERALNEJ w Kamieniu Pomorskim, FESTIWALU CH\u00d3RALNYM we Frankfurcie nad Menem,&nbsp; \u015aWIATOWYM SYMPOZJUM CH\u00d3RALNYM w Wiedniu.<\/p>\n\n\n\n<p><br>Wiele spo\u015br\u00f3d utwor\u00f3w Marka Jasi\u0144skiego zosta\u0142o wykonanych poza granicami naszego kraju m.in. w wi\u0119kszo\u015bci kraj\u00f3w europejskich oraz w Argentynie, Australii, Izraelu, Kanadzie, Stanach Zjednoczonych i Japonii.<br>Niekt\u00f3re kompozycje zosta\u0142y nagrane przez studia nagra\u0144 rozg\u0142o\u015bni radiowych i&nbsp;telewizyjnych w Polsce, Szwajcarii, Francji, Watykanie, Danii, Niemczech i USA.<\/p>\n\n\n\n<p><br>Dzie\u0142a kompozytora publikowane by\u0142y przez czo\u0142owe oficyny wydawnicze: PWM, PZChiO, Agencj\u0119 Autorsk\u0105, Brevis, Ars Nova, Gehrmans Musikforlag (Szwecja), Edition Coeur Joje (Francja), Musikverlag Ferrimontana i Edition Musik-Contact (Niemcy), Roger&nbsp;Dean&nbsp;Publishing&nbsp;Company&nbsp;(USA).<\/p>\n\n\n\n<p><br><strong>By\u0142 laureatem wielu nagr\u00f3d, m.in.:<\/strong><\/p>\n\n\n\n<ul><li>w 1981 roku otrzyma\u0142 II nagrod\u0119, a w roku1984 &#8211; III nagrod\u0119 na KONKURSIE KOMPOZYTORSKIM&nbsp; im.&nbsp; STANIS\u0141AWA WIECHOWICZA,<\/li><li>w 1984 &#8211; I i II nagrod\u0119 na KONKURSIE EPISKOPATU POLSKI,<\/li><li>w 1987 roku &#8211; II nagrod\u0119 na KONKURSIE KOMPOZYTORSKIM w Tours we Francji,<\/li><li>w 1988 roku &#8211; III nagrod\u0119 na KONKURSIE \u015aL\u0104SKIEJ TRYBUNY KOMPOZYTOR\u00d3W,<\/li><li>w roku 1996 &#8211; I nagrod\u0119 na MI\u0118DZYNARODOWYM KONKURSIE KOMPOZYTORSKIM w Gda\u0144sku,<\/li><li>za wybitne osi\u0105gni\u0119cia w dziedzinie tw\u00f3rczo\u015bci muzycznej zosta\u0142 uhonorowany m.in. Nagrod\u0105 Wojew\u00f3dztwa Zachodniopomorskiego (1989r.),<\/li><li>Nagrod\u0105 Artystyczn\u0105 Miasta Szczecina (1997r.),<\/li><li>Nagrod\u0105 I stopnia Rektora Akademii Muzycznej w Bydgoszczy (2000 r.),<\/li><li>Nagrod\u0105 Marsza\u0142ka Wojew\u00f3dztwa Kujawsko &#8211; Pomorskiego (2000 r.),<\/li><li>Srebrnym Medalem Gloria Artis (2006 r.),<\/li><li>Nagrod\u0105&nbsp; \u015bw. Brata Alberta (2007 r.).<\/li><li>za szczeg\u00f3lne zas\u0142ugi dla o\u015bwiaty i wychowania zosta\u0142 odznaczony Medalem Komisji Edukacji Narodowej (2003 r.).<\/li><\/ul>\n\n\n\n<p>Podczas 59 festiwalu PRIX&nbsp; ITALIA 2007 we w\u0142oskiej Weronie (to najstarszy i najbardziej presti\u017cowy konkurs radiowo \u2013 telewizyjno &#8211; internetowy, odpowiednik filmowego Oskara) po\u015br\u00f3d bior\u0105cych w nim udzia\u0142 tw\u00f3rc\u00f3w z ponad 40 kraj\u00f3w \u015bwiata, znalaz\u0142o si\u0119 (nominowane w kategorii najlepszy polski utw\u00f3r muzyczny) nagranie symfonii &#8222;In Principio&#8221; Marka Jasi\u0144skiego, wyprodukowane w Radiu Szczecin.<\/p>\n\n\n\n<p>Otrzyma\u0142 Nagrod\u0105 Zachodniopomorskiego Nobla (2008 r.), Honorow\u0105 Nagrod\u0105 Prezydenta Miasta Szczecina w uznaniu wybitnych osi\u0105gni\u0119\u0107 kompozytorskich i pedagogicznych (2010&nbsp;r.)<br>W tw\u00f3rczo\u015bci kompozytora najbardziej reprezentatywnym i dominuj\u0105cym by\u0142 nurt muzyki sakralnej. Kompozytor najpe\u0142niej realizowa\u0142 si\u0119 w tw\u00f3rczo\u015bci wokalnej i&nbsp;wokalno &#8211; instrumentalnej.<\/p>\n\n\n\n<p>Znacz\u0105c\u0105 cz\u0119\u015b\u0107 tw\u00f3rczo\u015bci sakralnej stanowi\u0142a muzyka ch\u00f3ralna, a wiele utwor\u00f3w powsta\u0142o na zam\u00f3wienie organizator\u00f3w festiwali, b\u0105d\u017a dyrygent\u00f3w.<\/p>\n\n\n\n<p>Obok dzia\u0142alno\u015bci kompozytorskiej Marek Jasi\u0144ski dokona\u0142 wielu aran\u017cacji&nbsp;pie\u015bni&nbsp;dla&nbsp;potrzeb&nbsp;ch\u00f3r\u00f3w.<\/p>\n\n\n\n<p>autor:&nbsp;<em>dr Iwona Charkiewicz<\/em><\/p>\n","protected":false},"excerpt":{"rendered":"<p>MAREK JASI\u0143SKI urodzi\u0142 si\u0119 10 wrze\u015bnia 1949 roku w Stargardzie Szczeci\u0144skim, zmar\u0142 nagle\u00a0 15 lutego 2010 roku w Cluj-Napoca w Rumunii podczas zaj\u0119\u0107 prowadzonych w ramach Europejskiego Programu FABREC, reprezentuj\u0105c Akademi\u0119 Muzyczn\u0105 im. Feliksa\u00a0 Nowowiejskiego w Bydgoszczy. Kompozytor, pedagog, profesor Akademii Muzycznej w&nbsp;Poznaniu i Akademii Muzycznej w Bydgoszczy. Nauk\u0119 gry na fortepianie rozpocz\u0105\u0142 w wieku [&hellip;]<\/p>\n","protected":false},"author":1,"featured_media":0,"parent":0,"menu_order":0,"comment_status":"closed","ping_status":"open","template":"","meta":[],"_links":{"self":[{"href":"https:\/\/marekjasinski.org.pl\/index.php?rest_route=\/wp\/v2\/pages\/2"}],"collection":[{"href":"https:\/\/marekjasinski.org.pl\/index.php?rest_route=\/wp\/v2\/pages"}],"about":[{"href":"https:\/\/marekjasinski.org.pl\/index.php?rest_route=\/wp\/v2\/types\/page"}],"author":[{"embeddable":true,"href":"https:\/\/marekjasinski.org.pl\/index.php?rest_route=\/wp\/v2\/users\/1"}],"replies":[{"embeddable":true,"href":"https:\/\/marekjasinski.org.pl\/index.php?rest_route=%2Fwp%2Fv2%2Fcomments&post=2"}],"version-history":[{"count":2,"href":"https:\/\/marekjasinski.org.pl\/index.php?rest_route=\/wp\/v2\/pages\/2\/revisions"}],"predecessor-version":[{"id":223,"href":"https:\/\/marekjasinski.org.pl\/index.php?rest_route=\/wp\/v2\/pages\/2\/revisions\/223"}],"wp:attachment":[{"href":"https:\/\/marekjasinski.org.pl\/index.php?rest_route=%2Fwp%2Fv2%2Fmedia&parent=2"}],"curies":[{"name":"wp","href":"https:\/\/api.w.org\/{rel}","templated":true}]}}