{"id":17,"date":"2019-10-14T21:30:29","date_gmt":"2019-10-14T21:30:29","guid":{"rendered":"http:\/\/marekjasinski.org.pl\/?page_id=17"},"modified":"2021-09-01T04:24:40","modified_gmt":"2021-09-01T02:24:40","slug":"tworczosc-marka-jasinskiego","status":"publish","type":"page","link":"https:\/\/marekjasinski.org.pl\/?page_id=17","title":{"rendered":"Tw\u00f3rczo\u015b\u0107 Marka Jasi\u0144skiego"},"content":{"rendered":"\n<div class=\"wp-block-image\"><figure class=\"alignright is-resized\"><img loading=\"lazy\" src=\"http:\/\/www.marekjasinski.org.pl\/obrazy\/news\/Tworczosc-Marka-Jasinskiego_it9_r_800x600.jpg\" alt=\"\" width=\"363\" height=\"280\"\/><\/figure><\/div>\n\n\n\n<p>W tw\u00f3rczo\u015bci Marka Jasi\u0144skiego wyr\u00f3\u017cni\u0107 mo\u017cna nurt muzyki wokalnej i wokalno- instrumentalnej, nurt muzyki <\/p>\n\n\n\n<p>instrumentalnej komponowanej na r\u00f3\u017cne sk\u0142ady, pocz\u0105wszy od muzyki orkiestrowej, poprzez muzyk\u0119 kameraln\u0105, oraz t\u0119 pisan\u0105 na instrumenty solowe, a\u017c po dzie\u0142a sceniczne.<br><br>Na pewno sfera ekspresji, w\u0142a\u015bciwa r\u00f3\u017cnym instrumentom, dawa\u0142a kompozytorowi ogromne mo\u017cliwo\u015bci poszukiwa\u0144 nowych brzmie\u0144 i technik wykonawczych. Jednak najwi\u0119kszy obszar tw\u00f3rczy kompozytora wype\u0142nia\u0142a muzyka wokalna i wokalno-instrumentalna. To w\u0142a\u015bnie ten nurt by\u0142 kompozytorowi najbli\u017cszy i\u00a0 tu realizowa\u0142 swoje poetycko-muzyczne przes\u0142ania.<br><br>Wi\u0119kszo\u015b\u0107 kompozycji tego nurtu powsta\u0142a do wers\u00f3w zaczerpni\u0119tych z psalm\u00f3w.<\/p>\n\n\n\n<p><\/p>\n\n\n\n<p><\/p>\n\n\n\n<p><strong>Wa\u017cniejsze kompozycje Marka Jasi\u0144skiego:<\/strong><\/p>\n\n\n\n<p><strong>Muzyka wokalna i wokalno \u2013 instrumentalna<\/strong><\/p>\n\n\n\n<ul><li>WAKACYJNE MIASTO na ch\u00f3r dzieci\u0119cy (1977)<\/li><li>LAUR na ch\u00f3r dzieci\u0119cy (1977)<\/li><li>TRYPTYK LIRYCZNY na ch\u00f3r mieszany i orkiestr\u0119 symfoniczn\u0105 (1979)<\/li><li>NAD BA\u0141TYKIEM na ch\u00f3r mieszany (1979)<\/li><li>WARSZAWA na ch\u00f3r dzieci\u0119cy (1979)<\/li><li>PO\u0141\u00d3W NA BA\u0141TYKU na ch\u00f3r mieszany (1979)<\/li><li>NIKE na ch\u00f3r mieszany i orkiestr\u0119 symfoniczn\u0105 (1980)<\/li><li>AGITATO-CANTABILE na ch\u00f3r mieszany (1981)<\/li><li>MA\u0141Y POEMAT na ch\u00f3r mieszany (1981)<\/li><li>VOCE MEA AD DOMINUM CLAMAVI na solist\u00f3w i ch\u00f3r mieszany (1981-82)<\/li><li>TRZY PIE\u015aNI na ch\u00f3r dzieci\u0119cy (1981)<\/li><li>PIOSENKA WARSZAWY na ch\u00f3r mieszany (1981)<\/li><li>LAMENTATIONES na ch\u00f3r mieszany (1982)<\/li><li>MODLITWA WIECZORNA na ch\u00f3r \u017ce\u0144ski (1982)<\/li><li>MUSICA SACRA na ch\u00f3r mieszany (1983)<\/li><li>ELEGIA na ch\u00f3r mieszany (1984)<\/li><li>VOCE MEA AD DOMINEM CLAMAVI na ch\u00f3r i orkiestr\u0119 (1985)<\/li><li>EPINIKION na ch\u00f3r mieszany i orkiestr\u0119 symfoniczn\u0105 (1985)<\/li><li>AVE MARIA na ch\u00f3r mieszany (1986)<\/li><li>KYRIE na ch\u00f3r mieszany (1987)<\/li><li>BEATUS VIR&nbsp; na ch\u00f3r \u017ce\u0144ski (1987)<\/li><li>LAUDATE DOMINUM na ch\u00f3r mieszany i wielk\u0105 orkiestr\u0119 symfoniczn\u0105 (1987)<\/li><li>PRELUDIUM I FUGHETTA na ch\u00f3r dzieci\u0119cy (1987)<\/li><li>AVE MARIA&nbsp; na ch\u00f3r mieszany (1988)<\/li><li>REQUIEM na ch\u00f3r ch\u0142opi\u0119cy, ch\u00f3r mieszany i orkiestr\u0119 symfoniczn\u0105 (1989)<\/li><li>MISSA BREVIS [wersja I] na ch\u00f3r dzieci\u0119cy i organy (1990)<\/li><li>MISSA BREVIS [wersja II] na ch\u00f3r dzieci\u0119cy (lub ch\u00f3r \u017ce\u0144ski) (1990)<\/li><li>AVE MARIA II na ch\u00f3r mieszany (1990)<\/li><li>PRELUDIO DI BAROCCO na ch\u00f3r mieszany, smyczki, oboje i klawesyn (1990)?<\/li><li>ANTYFONY MARIA\u0143SKIE na ch\u00f3r mieszany (1991)<\/li><li>ALLELUJA na ch\u00f3r mieszany (1991)<\/li><li>IN TERRA PAX na ch\u00f3r mieszany (1991)<\/li><li>PSALM 84&nbsp; na g\u0142osy \u017ce\u0144skie lub dzieci\u0119ce (1992)<\/li><li>DONA NOBIS PACEM na ch\u00f3r mieszany (1993)<\/li><li>PSALM 100 na ch\u00f3r mieszany (1994)<\/li><li>PSALM 100&nbsp; wersja na ch\u00f3r dzieci\u0119cy (1994)<\/li><li>QUARE TRISTIS ES ANIMA MEA na ch\u00f3r mieszany (1994)<\/li><li>WESO\u0141E D\u0179WI\u0118KI na ch\u00f3r dzieci\u0119cy lub&nbsp; \u017ce\u0144ski (1994)<\/li><li>PSALM 95 na ch\u00f3r mieszany (1995)<\/li><li>DA PACEM DOMINE na alt, baryton, ch\u00f3r mieszany i orkiestr\u0119 symfoniczn\u0105 (1994-95)<\/li><li>PSALM 150 [wersja I] na ch\u00f3r mieszany (1995)<\/li><li>CANTUS FESTIVUS&nbsp; na ch\u00f3r mieszany (1996)<\/li><li>PIE\u015a\u0143 ZWIASTOWANIA na ch\u00f3r mieszany (1996)<\/li><li>PSALM 150 [wersja II] na ch\u00f3r mieszany i orkiestr\u0119 symfoniczn\u0105 (1997)<\/li><li>MINIATURA JESIENNA na ch\u00f3r dzieci\u0119cy (1997)<\/li><li>SENTENCJE na ch\u00f3r mieszany i smyczki (1997)<\/li><li>INWOKACJE na g\u0142osy i smyczki (1997)<\/li><li>IN TERRA PAX wersja na ch\u00f3r dzieci\u0119cy(1997)<\/li><li>CANTUS FINALIS na ch\u00f3r mieszany (1997)<\/li><li>MUZYKA PORANNA na ch\u00f3r mieszany (1997)<\/li><li>KANTATA O RZECZYPOSPOLITEJ na g\u0142osy solowe, ch\u00f3r mieszany i orkiestr\u0119 symfoniczn\u0105 (1998)<\/li><li>CANTUS LAUDABILIS na ch\u00f3r mieszany (1998)<\/li><li>STABAT MATER [wersja I] na ch\u00f3r mieszany (1999)<\/li><li>AVE MARIS STELLA na ch\u00f3r mieszany (1999)<\/li><li>DONA NOBIS PACEM na ch\u00f3r mieszany i orkiestr\u0119 symfoniczn\u0105 (1999)<\/li><li>JUBILATE DEO na ch\u00f3r mieszany (2000)<\/li><li>LAUDES na ch\u00f3r mieszany (2001)<\/li><li>JUBILATE DEO na ch\u00f3r mieszany i orkiestr\u0119 symfoniczn\u0105 (2001)<\/li><li>CANTATE DOMINO CANTICUM NOVUM na ch\u00f3r mieszany (2001)<\/li><li>AD IUVENTATEM na sopran solo, ch\u00f3r mieszany i wielk\u0105 orkiestr\u0119 symfoniczn\u0105 (2001)<\/li><li>EXSULTATE DEO OMNIS TERRA na ch\u00f3r mieszany (2002)<\/li><li>STABAT MATER [wersja II] na ch\u00f3r mieszany i orkiestr\u0119 symfoniczn\u0105 (2002)<\/li><li>MAGNIFICAT na ch\u00f3r \u017ce\u0144ski i organy (2002)?<\/li><li>GLORIA na ch\u00f3r mieszany (2003)<\/li><li>SYMFONIA \u201eIN PRINCIPIO\u201d na baryton solo, ch\u00f3r mieszany i wielk\u0105 orkiestr\u0119&nbsp; symfoniczn\u0105 (2003)<\/li><li>PSALM 23 na dwa ch\u00f3ry mieszane (2004)<\/li><li>A HYMN OF TRIUMPH na ch\u00f3r mieszany (2004)<\/li><li>CANTICUM SAPIENTIALE MARIAE na ch\u00f3r mieszany i orkiestr\u0119 symfoniczn\u0105 (2005)<\/li><li>PSALM I na baryton, ch\u00f3r mieszany i orkiestr\u0119 symfoniczn\u0105 (2005)<\/li><li>TRYPTYK EKUMENICZNY na ch\u00f3r mieszany i orkiestr\u0119 symfoniczn\u0105 (2006)<\/li><li>RAPTUS EUROPAE na sopran, ch\u00f3r mieszany i orkiestr\u0119 symfoniczn\u0105 (2006)<\/li><li>MISERERE na 8-g\u0142osowy ch\u00f3r mieszany (2006)<\/li><li>LAUDA, ANIMA MEA na ch\u00f3r mieszany (2007)<\/li><li>SYMFONIA \u201eMATER OMNIUM SAPIENTIA\u201d&nbsp; na&nbsp; sopran, ch\u00f3r mieszany i orkiestr\u0119 symfoniczn\u0105 (2007)<\/li><li>DONA NOBIS PACEM . ALLELUJA&nbsp; na trzy ch\u00f3ry dzieci\u0119ce (2008)<\/li><li>PSALM 88 na ch\u00f3r mieszany (2009)<\/li><li>LUX ET VERITAS na ch\u00f3r mieszany i organy (2008)<\/li><li>IN TERRA PAX II na ch\u00f3r mieszany (2008)<\/li><li>ORATORIUM \u201eEGO SAPIENTIA\u201d na mezzosopran, ch\u00f3r mieszany i orkiestr\u0119 symfoniczn\u0105 (2009)<\/li><li>PSALM 88 na ch\u00f3r mieszany (2009)<\/li><li>PSALM 107 na ch\u00f3r mieszany (2009)<\/li><li>SCHERZO na ch\u00f3r mieszany (2009)<\/li><li>DOMINI EST TERRA na ch\u00f3r mieszany, instrumenty d\u0119te i kot\u0142y (2009)<\/li><li>ECCE NUNC BENEDICITE na mezzosopran, organy, instrumenty d\u0119te i kot\u0142y (2009)<\/li><\/ul>\n\n\n\n<p><strong>Muzyka orkiestrowa<\/strong><\/p>\n\n\n\n<ul><li>DE PROFUNDIS na orkiestr\u0119 symfoniczn\u0105 (1982)<\/li><li>EPIZODY na instrumenty d\u0119te blaszane (1982)<\/li><li>PRELUDIA SYMFONICZNE na orkiestr\u0119 symfoniczn\u0105 (1982)<\/li><li>MUZYKA JESIENNA na kameraln\u0105 orkiestr\u0119 smyczkow\u0105 (1988)<\/li><li>CONCERTINO na fortepian i orkiestr\u0119 (1989)<\/li><li>CONCERTO SEMPLICE na fortepian i orkiestr\u0119 symfoniczn\u0105 (1991)<\/li><li>ELEGIA na smyczki (1997)<\/li><li>EXULTAVIT SPIRITUS MEUS na mezzosopran, organy i smyczki (2005)<\/li><li>MISERERE MEI DEUS na baryton, organy, perkusj\u0119 i smyczki (2006)<\/li><li>PSALMODIA na g\u0142osy&nbsp; i instrumenty (2008)<\/li><\/ul>\n\n\n\n<p><br><strong>Muzyka kameralna<\/strong><\/p>\n\n\n\n<ul><li>TRZY HUMORESKI na flet i fortepian (1981)<\/li><li>TRZY PRELUDIA na fagot i fortepian (1982)<\/li><li>SZKICE TANECZNE na flet, 3 tr\u0105bki, saksofon tenorowy i 2 fortepiany (1982)<\/li><li>TRZY UTWORY W DAWNYM STYLU na flet, 2 tr\u0105bki, saksofon tenorowy i fortepian (1982)<\/li><li>IMPRESJE na flet, klawesyn i wibrafon (1984)<\/li><li>SONATINA na fagot i fortepian (1987)<\/li><li>KAMMERMUSIK na flet, wibrafon i klawesyn (1999)<\/li><li>PSALMODIA na wiolonczel\u0119 i fortepian (2005)<\/li><li>PSALMODIA na organy i perkusj\u0119 (2007)<\/li><li>PSALMODIA na saksofon altowy i fortepian (2008)<\/li><li>LUX ET VERITAS na sopran i organy (2009)<\/li><\/ul>\n\n\n\n<p><br><strong>Muzyka na instrument solo<\/strong><\/p>\n\n\n\n<ul><li>PASSACAGLIA na organy (1977)<\/li><li>FANTASIA ET FUGA na organy (1985)<\/li><li>IMPRESJE&nbsp; na organy (1988)<\/li><li>CARL LOEWE IN MEMORIAM na organy (1997)<\/li><\/ul>\n\n\n\n<p><br><strong>Muzyka sceniczna<\/strong><\/p>\n\n\n\n<ul><li>KSI\u0104\u017bE OSTATNI&nbsp; opera (1993)<\/li><li>DER EIGENS\u0170CHTIGE RIESE oratorium\/musical (1999)<\/li><\/ul>\n\n\n\n<p>\ufeff<\/p>\n\n\n\n<p>autor:&nbsp;<em>dr Iwona Charkiewicz<\/em><\/p>\n","protected":false},"excerpt":{"rendered":"<p>W tw\u00f3rczo\u015bci Marka Jasi\u0144skiego wyr\u00f3\u017cni\u0107 mo\u017cna nurt muzyki wokalnej i wokalno- instrumentalnej, nurt muzyki instrumentalnej komponowanej na r\u00f3\u017cne sk\u0142ady, pocz\u0105wszy od muzyki orkiestrowej, poprzez muzyk\u0119 kameraln\u0105, oraz t\u0119 pisan\u0105 na instrumenty solowe, a\u017c po dzie\u0142a sceniczne. Na pewno sfera ekspresji, w\u0142a\u015bciwa r\u00f3\u017cnym instrumentom, dawa\u0142a kompozytorowi ogromne mo\u017cliwo\u015bci poszukiwa\u0144 nowych brzmie\u0144 i technik wykonawczych. Jednak najwi\u0119kszy [&hellip;]<\/p>\n","protected":false},"author":1,"featured_media":0,"parent":0,"menu_order":0,"comment_status":"closed","ping_status":"closed","template":"","meta":[],"_links":{"self":[{"href":"https:\/\/marekjasinski.org.pl\/index.php?rest_route=\/wp\/v2\/pages\/17"}],"collection":[{"href":"https:\/\/marekjasinski.org.pl\/index.php?rest_route=\/wp\/v2\/pages"}],"about":[{"href":"https:\/\/marekjasinski.org.pl\/index.php?rest_route=\/wp\/v2\/types\/page"}],"author":[{"embeddable":true,"href":"https:\/\/marekjasinski.org.pl\/index.php?rest_route=\/wp\/v2\/users\/1"}],"replies":[{"embeddable":true,"href":"https:\/\/marekjasinski.org.pl\/index.php?rest_route=%2Fwp%2Fv2%2Fcomments&post=17"}],"version-history":[{"count":3,"href":"https:\/\/marekjasinski.org.pl\/index.php?rest_route=\/wp\/v2\/pages\/17\/revisions"}],"predecessor-version":[{"id":224,"href":"https:\/\/marekjasinski.org.pl\/index.php?rest_route=\/wp\/v2\/pages\/17\/revisions\/224"}],"wp:attachment":[{"href":"https:\/\/marekjasinski.org.pl\/index.php?rest_route=%2Fwp%2Fv2%2Fmedia&parent=17"}],"curies":[{"name":"wp","href":"https:\/\/api.w.org\/{rel}","templated":true}]}}